er?
True
Is 458897 a composite number?
False
Is 26179 a prime number?
False
Is 2813 prime?
False
Is 20569 prime?
False
Is 6287 composite?
False
Is 36215 composite?
True
Is 3637 composite?
False
Is 94811 a prime number?
True
Is 105953 a prime number?
True
Is 5623 composite?
False
Is 3761 a composite number?
False
Is 45707 prime?
True
Is 472949 a prime number?
False
Is 65597 composite?
True
Is 6907 a composite number?
False
Is 10369 prime?
True
Is 24913 a prime number?
False
Is 870851 composite?
True
Is 48713 prime?
False
Is 62255 prime?
False
Is 231409 a composite number?
False
Is 1179377 composite?
True
Is 13259 composite?
False
Is 45455 prime?
False
Is 38387 composite?
True
Is 225901 composite?
True
Is 44179 composite?
False
Is 251815 prime?
False
Is 19157 a composite number?
False
Is 1985 prime?
False
Is 41299 a prime number?
True
Is 170119 a prime number?
False
Is 151001 a composite number?
True
Is 126271 composite?
False
Is 53349 a prime number?
False
Is 4443 a prime number?
False
Is 67699 a composite number?
False
Is 1148729 a prime number?
True
Is 5155 a prime number?
False
Is 16507981 a composite number?
True
Is 93817 prime?
False
Is 4731245 a composite number?
True
Is 42623 a prime number?
False
Is 4971 a composite number?
True
Is 36739 a prime number?
True
Is 6403 a prime number?
False
Is 88289 a prime number?
True
Is 1531 a prime number?
True
Is 12583 a prime number?
True
Is 43427 prime?
True
Is 388351 a composite number?
False
Is 3829 a composite number?
True
Is 458051 composite?
True
Is 9101 a prime number?
False
Is 817273 prime?
True
Is 55477 prime?
False
Is 340979 prime?
True
Is 60719 prime?
True
Is 12611 composite?
False
Is 7723 a composite number?
False
Is 19001 composite?
False
Is 378439 a prime number?
True
Is 409049 prime?
False
Is 5761 composite?
True
Is 36061 a composite number?
False
Is 91651 a composite number?
True
Is 3614669 a composite number?
False
Is 4417 a prime number?
False
Is 919553 composite?
True
Is 12391 a composite number?
False
Is 47401 prime?
False
Is 384994 a prime number?
False
Is 96053 composite?
False
Is 1477 a composite number?
True
Is 14983 composite?
False
Is 90203 prime?
True
Is 1568591 a prime number?
False
Is 183419 prime?
False
Is 60429 prime?
False
Is 3799 composite?
True
Is 5923 a prime number?
True
Is 63059 a prime number?
True
Is 31919 a composite number?
True
Is 412457 prime?
True
Is 16729 a prime number?
True
Is 2701 prime?
False
Is 148489 prime?
False
Is 68443 a composite number?
False
Is 2466427 composite?
False
Is 62407 composite?
True
Is 23131 composite?
False
Is 4742 prime?
False
Is 2256545 prime?
False
Is 49807 a prime number?
True
Is 170123 a composite number?
False
Is 8747 prime?
True
Is 130189 prime?
False
Is 10367 a prime number?
False
Is 53299 a composite number?
False
Is 1214717 prime?
False
Is 4703 a prime number?
True
Is 809 a prime number?
True
Is 4201447 a composite number?
False
Is 133481 prime?
True
Is 17035 prime?
False
Is 4111 composite?
False
Is 47899 a prime number?
False
Is 8267 a composite number?
True
Is 34417 composite?
True
Is 673 a composite number?
False
Is 138727 a prime number?
True
Is 755371 prime?
True
Is 14281 a prime number?
True
Is 11819 a composite number?
True
Is 337699 prime?
False
Is 66161 composite?
False
Is 13649 prime?
True
Is 12877 a composite number?
True
Is 135053 a prime number?
False
Is 241498 a prime number?
False
Is 35753 composite?
False
Is 239446 a composite number?
True
Is 502391 composite?
True
Is 48929 a prime number?
False
Is 25613 prime?
False
Is 469673 composite?
False
Is 22303 a prime number?
True
Is 238219 a prime number?
False
Is 4502 a prime number?
False
Is 83093 a prime number?
True
Is 5197 a composite number?
False
Is 62779 prime?
False
Is 576691 prime?
False
Is 339203 prime?
False
Is 2833 composite?
False
Is 3557 a prime number?
True
Is 107891 composite?
True
Is 1471 composite?
False
Is 28421 a composite number?
True
Is 393977 a composite number?
False
Is 3989 a composite number?
False
Is 6313 prime?
False
Is 76295 prime?
False
Is 21829 prime?
False
Is 17773 a composite number?
True
Is 540337 prime?
False
Is 47037 composite?
True
Is 3233 a composite number?
True
Is 1923823 prime?
False
Is 112867 composite?
True
Is 61507 a composite number?
False
Is 291623 prime?
False
Is 6247 composite?
False
Is 4935979 a prime number?
True
Is 24901 composite?
True
Is 40771 a composite number?
False
Is 204787 a prime number?
False
Is 91891 a prime number?
False
Is 12197 composite?
False
Is 45751 a prime number?
True
Is 30983 a composite number?
False
Is 168887 a prime number?
True
Is 21781 a prime number?
False
Is 129343 a prime number?
False
Is 154487 a composite number?
False
Is 591709 a composite number?
False
Is 81379 prime?
False
Is 102929 a prime number?
True
Is 10211 a prime number?
True
Is 44351 a composite number?
False
Is 2531 prime?
True
Is 12013 a prime number?
False
Is 19531 composite?
False
Is 602453 a prime number?
True
Is 448519 a composite number?
False
Is 1196809 a prime number?
True
Is 941 a prime number?
True
Is 135991 a composite number?
True
Is 1516313 a prime number?
False
Is 35011 prime?
False
Is 5147 a prime number?
True
Is 166081 a prime number?
True
Is 8198 composite?
True
Is 43599 composite?
True
Is 9239 prime?
True
Is 1989863 composite?
False
Is 69239 a composite number?
False
Is 265241 a prime number?
True
Is 60969 composite?
True
Is 10671 composite?
True
Is 35589 composite?
True
Is 101254 composite?
True
Is 5305 a composite number?
True
Is 27717 a composite number?
True
Is 5815 composite?
True
Is 10831 composite?
False
Is 30782 a composite number?
True
Is 1194013 a composite number?
True
Is 664435 a composite number?
True
Is 13027 prime?
False
Is 551269 a prime number?
True
Is 89303 prime?
True
Is 7753 composite?
False
Is 100547 a prime number?
True
Is 2361 composite?
True
Is 1070911 a composite number?
True
Is 354799 a prime number?
True
Is 50489 composite?
True
Is 92581 prime?
True
Is 11563 prime?
False
Is 111973 prime?
True
Is 1238833 composite?
False
Is 18287 a prime number?
True
Is 5632201 prime?
True
Is 25523 composite?
False
Is 38941 prime?
False
Is 28113 a composite number?
True
Is 119 prime?
False
Is 185 prime?
False
Is 465981 composite?
True
Is 1563 a prime number?
False
Is 606643 composite?
False
Is 35147 a prime number?
False
Is 853581 composite?
True
Is 19907 a prime number?
False
Is 12953 a composite number?
False
Is 20323 prime?
True
Is 64421 composite?
True
Is 55885 a composite number?
True
Is 10171 composite?
True
Is 20311 a composite number?
True
Is 1743577 composite?
True
Is 145361 composite?
False
Is 170287 a prime number?
False
Is 44097 prime?
False
Is 3261 a composite number?
True
Is 28437 composite?
True
Is 55577 prime?
False
Is 671815 prime?
False
Is 704885 composite?
True
Is 4889 composite?
False
Is 20653 a composite number?
True
Is 65353 prime?
True
Is 5179745 a prime number?
False
Is 195907 composite?
False
Is 25157 a composite number?
True
Is 3646 a composite number?
True
Is 17167 a prime number?
True
Is 35023 composite?
False
Is 20869 composite?
True
Is 54101 a prime number?
True
Is 37913 a composite number?
True
Is 51967 a prime number?
False
Is 803021 composite?
True
Is 179969 a prime number?
True
Is 230719 a composite number?
False
Is 1396685 a prime number?
False
Is 165653 prime?
True
Is 7630835 a prime number?
False
Is 1164029 a composite number?
False
Is 815123 a composite number?
False
Is 28553 composite?
True
Is 1541381 prime?
True
Is 3780757 a composite number?
False
Is 177109 composite?
False
Is 169251 prime?
False
Is 106 prime?
False
Is 92633 prime?
False
Is 28963 composite?
True
Is 1461349 prime?
True
Is 9587 a prime number?
True
Is 719 composite?
False
Is 375281 prime?
True
Is 375737 composite?
True
Is 1048189 a composite number?
False
Is 457706 a composite number?
True
Is 9131 a prime number?
False
Is 16481 prime?
True
Is 10033 a composite number?
True
Is 2809 a prime number?
False
Is 73357 prime?
False
Is 234169 a prime number?
False
Is 558007 prime?
True
Is 210163 prime?
False
Is 400903 prime?
True
Is 13913 composite?
False
Is 10487 composite?
False
Is 5953 a composite number?
False
Is 467905 composite?
True
Is 153847 a prime number?
False
Is 5007 prime?
False
I